{"id":12,"date":"2011-02-16T20:34:12","date_gmt":"2011-02-16T19:34:12","guid":{"rendered":"http:\/\/salto-ekholmen.se\/wordpress\/?page_id=12"},"modified":"2024-11-12T21:12:49","modified_gmt":"2024-11-12T20:12:49","slug":"kontakt","status":"publish","type":"page","link":"https:\/\/salto-ekholmen.se\/?page_id=12","title":{"rendered":"Kontakt"},"content":{"rendered":"<p>Vill du bli medlem?<\/p>\n<p>S\u00e4tt in 100:- p\u00e5 bankgiro nr: 726-4922 ange namn, nummer och adress i meddelande f\u00e4ltet.<\/p>\n<p>Eller s\u00e4tt in samma summa p\u00e5 f\u00f6ljande Swish nummer: 123 651 0838 och l\u00e4mna namn, nummer och adress som meddelande.<\/p>\n<p>Maila <a href=\"mailto:styrelsen@salto-ekholmen.se\">styrelsen@salto-ekholmen.se<\/a> vid fr\u00e5gor<\/p>\n\n\n<p><\/p>\n","protected":false},"excerpt":{"rendered":"<p>Vill du bli medlem? S\u00e4tt in 100:- p\u00e5 bankgiro nr: 726-4922 ange namn, nummer och adress i meddelande f\u00e4ltet. Eller s\u00e4tt in samma summa p\u00e5 f\u00f6ljande Swish nummer: 123 651 0838 och l\u00e4mna namn, nummer och adress som meddelande. Maila styrelsen@salto-ekholmen.se vid fr\u00e5gor<\/p>\n","protected":false},"author":1,"featured_media":0,"parent":0,"menu_order":0,"comment_status":"closed","ping_status":"open","template":"","meta":{"ngg_post_thumbnail":0},"_links":{"self":[{"href":"https:\/\/salto-ekholmen.se\/index.php?rest_route=\/wp\/v2\/pages\/12"}],"collection":[{"href":"https:\/\/salto-ekholmen.se\/index.php?rest_route=\/wp\/v2\/pages"}],"about":[{"href":"https:\/\/salto-ekholmen.se\/index.php?rest_route=\/wp\/v2\/types\/page"}],"author":[{"embeddable":true,"href":"https:\/\/salto-ekholmen.se\/index.php?rest_route=\/wp\/v2\/users\/1"}],"replies":[{"embeddable":true,"href":"https:\/\/salto-ekholmen.se\/index.php?rest_route=%2Fwp%2Fv2%2Fcomments&post=12"}],"version-history":[{"count":7,"href":"https:\/\/salto-ekholmen.se\/index.php?rest_route=\/wp\/v2\/pages\/12\/revisions"}],"predecessor-version":[{"id":1167,"href":"https:\/\/salto-ekholmen.se\/index.php?rest_route=\/wp\/v2\/pages\/12\/revisions\/1167"}],"wp:attachment":[{"href":"https:\/\/salto-ekholmen.se\/index.php?rest_route=%2Fwp%2Fv2%2Fmedia&parent=12"}],"curies":[{"name":"wp","href":"https:\/\/api.w.org\/{rel}","templated":true}]}}